{"id":49,"date":"2024-01-13T06:49:02","date_gmt":"2024-01-13T05:49:02","guid":{"rendered":"https:\/\/bomaqrental.com\/?page_id=49"},"modified":"2025-12-22T12:09:09","modified_gmt":"2025-12-22T19:09:09","slug":"nosotros","status":"publish","type":"page","link":"https:\/\/bomaqrental.com\/index.php\/nosotros\/","title":{"rendered":"NOSOTROS"},"content":{"rendered":"\t\t<div data-elementor-type=\"wp-page\" data-elementor-id=\"49\" class=\"elementor elementor-49\">\n\t\t\t\t<div class=\"elementor-element elementor-element-9dc65d5 e-con-full e-flex e-con e-parent\" data-id=\"9dc65d5\" data-element_type=\"container\" data-e-type=\"container\" data-settings=\"{&quot;background_background&quot;:&quot;classic&quot;}\">\n\t\t\t\t<div class=\"elementor-element elementor-element-714f763 elementor-widget__width-initial elementor-widget elementor-widget-heading\" data-id=\"714f763\" data-element_type=\"widget\" data-e-type=\"widget\" data-widget_type=\"heading.default\">\n\t\t\t\t<div class=\"elementor-widget-container\">\n\t\t\t\t\t<h2 class=\"elementor-heading-title elementor-size-default\">QUI\u00c9NES SOMOS<\/h2>\t\t\t\t<\/div>\n\t\t\t\t<\/div>\n\t\t\t\t<div class=\"elementor-element elementor-element-df6ed9b elementor-widget__width-initial elementor-widget elementor-widget-text-editor\" data-id=\"df6ed9b\" data-element_type=\"widget\" data-e-type=\"widget\" data-widget_type=\"text-editor.default\">\n\t\t\t\t<div class=\"elementor-widget-container\">\n\t\t\t\t\t\t\t\t\t<p><span style=\"color: #333333;\">BOMAQ Rental es una empresa sinaloense comprometida con la excelencia en la industria de la construcci\u00f3n, fundada con la visi\u00f3n de ser l\u00edderes en la venta, renta y suministro de maquinaria especializada. Nos destacamos por nuestro enfoque centrado en el cliente, la calidad de nuestros productos y la innovaci\u00f3n constante.<\/span><\/p><p><span style=\"color: #333333;\">Con a\u00f1os de experiencia en el sector, nuestro equipo est\u00e1 conformado por profesionales altamente capacitados para proporcionar soluciones integrales a nuestros clientes. Nos enorgullece ofrecer un servicio personalizado que va m\u00e1s all\u00e1 de la simple transacci\u00f3n comercial; trabajamos de la mano con nuestros clientes para entender sus necesidades espec\u00edficas y garantizar el \u00e9xito de sus proyectos.<\/span><\/p><p><span style=\"color: #333333; font-family: Poppins, sans-serif; font-size: 1.33333rem; font-style: inherit; text-align: var(--text-align); background-color: var(--ast-global-color-5);\">Con nosotros, obtienes:\u00a0<\/span><\/p><p><span style=\"color: #333333;\"><strong style=\"font-style: inherit; font-family: var( --e-global-typography-text-font-family ), Sans-serif; text-align: var(--text-align); background-color: var(--ast-global-color-5);\">Experiencia y Profesionalismo:<\/strong><span style=\"font-style: inherit; font-weight: inherit; font-family: var( --e-global-typography-text-font-family ), Sans-serif; text-align: var(--text-align); background-color: var(--ast-global-color-5);\"> Contamos con un equipo con experiencia en la industria de la construcci\u00f3n, listo para brindar asesoramiento y soluciones adaptadas a tus necesidades.<\/span><\/span><\/p><p style=\"font-size: 18px; font-style: normal; font-weight: 400;\"><span style=\"color: #333333;\"><span style=\"font-weight: bold; font-style: inherit; font-family: var( --e-global-typography-text-font-family ), Sans-serif; text-align: var(--text-align); background-color: var(--ast-global-color-5);\">Maquinaria de Calidad:<\/span><span style=\"font-style: inherit; font-weight: inherit; font-family: var( --e-global-typography-text-font-family ), Sans-serif; text-align: var(--text-align); background-color: var(--ast-global-color-5);\">\u00a0Ofrecemos una extensa gama de maquinaria de construcci\u00f3n de las mejores marcas, asegurando un rendimiento \u00f3ptimo y confiabilidad.<\/span><\/span><\/p><div><p style=\"font-size: 18px; font-style: normal; font-weight: 400;\"><span style=\"color: #333333;\"><span style=\"font-weight: bold; font-style: inherit; font-family: var( --e-global-typography-text-font-family ), Sans-serif; text-align: var(--text-align); background-color: var(--ast-global-color-5);\">Servicio:<\/span><span style=\"font-style: inherit; font-weight: inherit; font-family: var( --e-global-typography-text-font-family ), Sans-serif; text-align: var(--text-align); background-color: var(--ast-global-color-5);\">\u00a0Para una atenci\u00f3n integral, tambi\u00e9n tenemos a su disposici\u00f3n servicio de refacciones y soporte t\u00e9cnico especializada en cualquiera que sea su necesidad.<\/span><\/span><\/p><\/div><div><span style=\"color: #333333; font-style: inherit; font-weight: inherit; font-family: var( --e-global-typography-text-font-family ), Sans-serif; text-align: var(--text-align); background-color: var(--ast-global-color-5);\">En\u00a0BOMAQ Rental, no solo somos proveedores de maquinaria, somos socios en el \u00e9xito de tus proyectos de construcci\u00f3n. Estamos listos para enfrentar los desaf\u00edos m\u00e1s exigentes y crecer junto a ti. \u00a1Bienvenido a una nueva dimensi\u00f3n en soluciones para la construcci\u00f3n!<\/span><\/div><p><b style=\"color: #333333; font-family: Poppins, sans-serif; font-size: 1.33333rem; font-style: inherit; text-align: var(--text-align); background-color: var(--ast-global-color-5);\">\u00a0<\/b><\/p><p><b style=\"color: #333333; font-family: Poppins, sans-serif; font-size: 1.33333rem; font-style: inherit; text-align: var(--text-align); background-color: var(--ast-global-color-5);\">Misi\u00f3n:<\/b><\/p><p><span style=\"color: #333333;\">Ser l\u00edderes en la industria de la construcci\u00f3n, proporcionando soluciones integrales a nuestros clientes a trav\u00e9s de la renta y venta de maquinaria de la m\u00e1s alta calidad. Nos comprometemos a brindar un servicio excepcional, optimizando los procesos constructivos y contribuyendo al \u00e9xito de cada proyecto.<\/span><\/p><h3><span style=\"color: #333333;\"><b>Visi\u00f3n:<\/b><\/span><\/h3><p><span style=\"color: #333333;\">Ser reconocidos como la empresa referente en el sector de maquinaria para la construcci\u00f3n, destacando por nuestra excelencia operativa, innovaci\u00f3n constante y compromiso con la satisfacci\u00f3n del cliente. Aspiramos a expandir nuestra presencia a nivel nacional, consolidando alianzas estrat\u00e9gicas y manteniendo los m\u00e1s altos est\u00e1ndares de calidad y servicio.<\/span><\/p><p><span style=\"color: #333333;\">\u00a0<\/span><\/p>\t\t\t\t\t\t\t\t<\/div>\n\t\t\t\t<\/div>\n\t\t\t\t<\/div>\n\t\t\t\t<\/div>\n\t\t","protected":false},"excerpt":{"rendered":"<p>QUI\u00c9NES SOMOS BOMAQ Rental es una empresa sinaloense comprometida con la excelencia en la industria de la construcci\u00f3n, fundada con [&hellip;]<\/p>\n","protected":false},"author":1,"featured_media":0,"parent":0,"menu_order":2,"comment_status":"closed","ping_status":"closed","template":"","meta":{"site-sidebar-layout":"no-sidebar","site-content-layout":"","ast-site-content-layout":"full-width-container","site-content-style":"default","site-sidebar-style":"default","ast-global-header-display":"","ast-banner-title-visibility":"","ast-main-header-display":"","ast-hfb-above-header-display":"","ast-hfb-below-header-display":"","ast-hfb-mobile-header-display":"","site-post-title":"disabled","ast-breadcrumbs-content":"","ast-featured-img":"disabled","footer-sml-layout":"","ast-disable-related-posts":"","theme-transparent-header-meta":"","adv-header-id-meta":"","stick-header-meta":"","header-above-stick-meta":"","header-main-stick-meta":"","header-below-stick-meta":"","astra-migrate-meta-layouts":"default","ast-page-background-enabled":"default","ast-page-background-meta":{"desktop":{"background-color":"var(--ast-global-color-4)","background-image":"","background-repeat":"repeat","background-position":"center center","background-size":"auto","background-attachment":"scroll","background-type":"","background-media":"","overlay-type":"","overlay-color":"","overlay-opacity":"","overlay-gradient":""},"tablet":{"background-color":"","background-image":"","background-repeat":"repeat","background-position":"center center","background-size":"auto","background-attachment":"scroll","background-type":"","background-media":"","overlay-type":"","overlay-color":"","overlay-opacity":"","overlay-gradient":""},"mobile":{"background-color":"","background-image":"","background-repeat":"repeat","background-position":"center center","background-size":"auto","background-attachment":"scroll","background-type":"","background-media":"","overlay-type":"","overlay-color":"","overlay-opacity":"","overlay-gradient":""}},"ast-content-background-meta":{"desktop":{"background-color":"var(--ast-global-color-5)","background-image":"","background-repeat":"repeat","background-position":"center center","background-size":"auto","background-attachment":"scroll","background-type":"","background-media":"","overlay-type":"","overlay-color":"","overlay-opacity":"","overlay-gradient":""},"tablet":{"background-color":"var(--ast-global-color-5)","background-image":"","background-repeat":"repeat","background-position":"center center","background-size":"auto","background-attachment":"scroll","background-type":"","background-media":"","overlay-type":"","overlay-color":"","overlay-opacity":"","overlay-gradient":""},"mobile":{"background-color":"var(--ast-global-color-5)","background-image":"","background-repeat":"repeat","background-position":"center center","background-size":"auto","background-attachment":"scroll","background-type":"","background-media":"","overlay-type":"","overlay-color":"","overlay-opacity":"","overlay-gradient":""}},"footnotes":""},"class_list":["post-49","page","type-page","status-publish","hentry"],"aioseo_notices":[],"_hostinger_reach_plugin_has_subscription_block":false,"_hostinger_reach_plugin_is_elementor":false,"_links":{"self":[{"href":"https:\/\/bomaqrental.com\/index.php\/wp-json\/wp\/v2\/pages\/49","targetHints":{"allow":["GET"]}}],"collection":[{"href":"https:\/\/bomaqrental.com\/index.php\/wp-json\/wp\/v2\/pages"}],"about":[{"href":"https:\/\/bomaqrental.com\/index.php\/wp-json\/wp\/v2\/types\/page"}],"author":[{"embeddable":true,"href":"https:\/\/bomaqrental.com\/index.php\/wp-json\/wp\/v2\/users\/1"}],"replies":[{"embeddable":true,"href":"https:\/\/bomaqrental.com\/index.php\/wp-json\/wp\/v2\/comments?post=49"}],"version-history":[{"count":46,"href":"https:\/\/bomaqrental.com\/index.php\/wp-json\/wp\/v2\/pages\/49\/revisions"}],"predecessor-version":[{"id":1574,"href":"https:\/\/bomaqrental.com\/index.php\/wp-json\/wp\/v2\/pages\/49\/revisions\/1574"}],"wp:attachment":[{"href":"https:\/\/bomaqrental.com\/index.php\/wp-json\/wp\/v2\/media?parent=49"}],"curies":[{"name":"wp","href":"https:\/\/api.w.org\/{rel}","templated":true}]}}